mainder when 50 is divided by 18?
14
What is the remainder when 207 is divided by 13?
12
What is the remainder when 1196 is divided by 109?
106
What is the remainder when 29 is divided by 17?
12
What is the remainder when 354 is divided by 40?
34
Calculate the remainder when 305 is divided by 7.
4
Calculate the remainder when 261 is divided by 84.
9
Calculate the remainder when 1202 is divided by 150.
2
What is the remainder when 2244 is divided by 6?
0
What is the remainder when 269 is divided by 122?
25
What is the remainder when 84 is divided by 6?
0
What is the remainder when 195 is divided by 9?
6
What is the remainder when 378 is divided by 64?
58
Calculate the remainder when 4911 is divided by 21.
18
What is the remainder when 1696 is divided by 27?
22
Calculate the remainder when 879 is divided by 110.
109
What is the remainder when 541 is divided by 78?
73
Calculate the remainder when 3565 is divided by 83.
79
What is the remainder when 46 is divided by 17?
12
What is the remainder when 27 is divided by 10?
7
Calculate the remainder when 199 is divided by 8.
7
What is the remainder when 1480 is divided by 127?
83
Calculate the remainder when 416 is divided by 70.
66
What is the remainder when 469 is divided by 133?
70
Calculate the remainder when 1331 is divided by 74.
73
What is the remainder when 199 is divided by 40?
39
Calculate the remainder when 108 is divided by 44.
20
Calculate the remainder when 330 is divided by 17.
7
Calculate the remainder when 60 is divided by 52.
8
What is the remainder when 28805 is divided by 86?
81
Calculate the remainder when 119 is divided by 44.
31
What is the remainder when 14788 is divided by 8?
4
Calculate the remainder when 150 is divided by 54.
42
What is the remainder when 7363 is divided by 43?
10
Calculate the remainder when 637 is divided by 134.
101
What is the remainder when 53 is divided by 4?
1
Calculate the remainder when 22566 is divided by 28.
26
What is the remainder when 2102 is divided by 15?
2
What is the remainder when 97 is divided by 25?
22
Calculate the remainder when 61 is divided by 13.
9
Calculate the remainder when 1310 is divided by 428.
26
What is the remainder when 209 is divided by 113?
96
Calculate the remainder when 227 is divided by 10.
7
Calculate the remainder when 234 is divided by 125.
109
What is the remainder when 49 is divided by 10?
9
What is the remainder when 186 is divided by 2?
0
What is the remainder when 326 is divided by 7?
4
Calculate the remainder when 315 is divided by 107.
101
Calculate the remainder when 137 is divided by 42.
11
Calculate the remainder when 680 is divided by 246.
188
What is the remainder when 428 is divided by 61?
1
What is the remainder when 2727 is divided by 124?
123
What is the remainder when 688 is divided by 57?
4
What is the remainder when 392 is divided by 12?
8
What is the remainder when 715 is divided by 698?
17
Calculate the remainder when 217 is divided by 29.
14
Calculate the remainder when 122 is divided by 31.
29
What is the remainder when 10810 is divided by 15?
10
Calculate the remainder when 477 is divided by 32.
29
What is the remainder when 2178 is divided by 1086?
6
What is the remainder when 2994 is divided by 137?
117
What is the remainder when 159 is divided by 22?
5
Calculate the remainder when 39 is divided by 7.
4
Calculate the remainder when 263 is divided by 22.
21
Calculate the remainder when 87 is divided by 13.
9
Calculate the remainder when 17 is divided by 17.
0
What is the remainder when 321 is divided by 27?
24
What is the remainder when 2517 is divided by 12?
9
Calculate the remainder when 734 is divided by 31.
21
Calculate the remainder when 9784 is divided by 79.
67
What is the remainder when 101 is divided by 24?
5
What is the remainder when 142 is divided by 18?
16
What is the remainder when 771 is divided by 26?
17
Calculate the remainder when 267 is divided by 137.
130
Calculate the remainder when 132 is divided by 24.
12
What is the remainder when 286 is divided by 66?
22
Calculate the remainder when 60 is divided by 26.
8
Calculate the remainder when 278 is divided by 22.
14
Calculate the remainder when 18001 is divided by 51.
49
What is the remainder when 2573 is divided by 143?
142
Calculate the remainder when 3615 is divided by 54.
51
Calculate the remainder when 333 is divided by 38.
29
What is the remainder when 1583 is divided by 225?
8
Calculate the remainder when 674 is divided by 34.
28
Calculate the remainder when 1618 is divided by 30.
28
What is the remainder when 97 is divided by 76?
21
What is the remainder when 98 is divided by 69?
29
Calculate the remainder when 158 is divided by 16.
14
What is the remainder when 52 is divided by 17?
1
Calculate the remainder when 53458 is divided by 49.
48
Calculate the remainder when 238 is divided by 119.
0
Calculate the remainder when 347 is divided by 37.
14
Calculate the remainder when 56 is divided by 15.
11
What is the remainder when 578 is divided by 109?
33
What is the remainder when 125 is divided by 102?
23
Calculate the remainder when 2331 is divided by 30.
21
Calculate the remainder when 21317 is divided by 26.
23
What is the remainder when 109 is divided by 11?
10
What is the remainder when 234 is divided by 69?
27
Calculate the remainder when 7 is divided by 3.
1
What is the remainder when 1169 is divided by 401?
367
Calculate the remainder when 115 is divided by 34.
13
What is the remainder when 1465 is divided by 7?
2
What is the remainder when 964 is divided by 51?
46
Calculate the remainder when 79 is divided by 2.
1
What is the remainder when 38922 is divided by 148?
146
What is the remainder when 502 is divided by 14?
12
Calculate the remainder when 263 is divided by 11.
10
What is the remainder when 56 is divided by 15?
11
Calculate the remainder when 739 is divided by 14.
11
Calculate the remainder when 1313 is divided by 433.
14
Calculate the remainder when 1423 is divided by 12.
7
What is the remainder when 1069 is divided by 532?
5
What is the remainder when 2230 is divided by 119?
88
Calculate the remainder when 1291 is divided by 1192.
99
What is the remainder when 3356 is divided by 120?
116
Calculate the remainder when 2599 is divided by 5.
4
Calculate the remainder when 3065 is divided by 52.
49
What is the remainder when 854 is divided by 52?
22
What is the remainder when 898 is divided by 314?
270
What is the remainder when 648 is divided by 28?
4
Calculate the remainder when 244 is divided by 65.
49
Calculate the remainder when 108 is divided by 56.
52
What is the remainder when 22 is divided by 8?
6
What is the remainder when 288 is divided by 29?
27
What is the remainder when 260 is divided by 44?
40
Calculate the remainder when 17259 is divided by 10.
9
Calculate the remainder when 91 is divided by 28.
7
Calculate the remainder when 120 is divided by 41.
38
Calculate the remainder when 15707 is divided by 11.
10
Calculate the remainder when 145 is divided by 19.
12
What is the remainder when 577 is divided by 207?
163
What is the remainder when 599 is divided by 163?
110
What is the remainder when 1130 is divided by 13?
12
What is the remainder when 1005 is divided by 500?
5
Calculate the remainder when 687 is divided by 78.
63
Calculate the remainder when 256 is divided by 59.
20
What is the remainder when 573 is divided by 72?
69
What is the remainder when 206 is divided by 30?
26
What is the remainder when 332 is divided by 4?
0
What is the remainder when 295 is divided by 8?
7
What is the remainder when 76 is divided by 17?
8
What is the remainder when 185 is divided by 63?
59
What is the remainder when 516 is divided by 92?
56
Calculate the remainder when 33 is divided by 15.
3
Calculate the remainder when 1345 is divided by 670.
5
Calculate the remainder when 482 is divided by 433.
49
What is the remainder when 3098 is divided by 1020?
38
Calculate the remainder when 256 is divided by 24.
16
What is the remainder when 119 is divided by 30?
29
Calculate the remainder when 61 is divided by 31.
30
What is the remainder when 1568 is divided by 7?
0
What is the remainder when 386 is divided by 18?
8
What is the remainder when 192 is divided by 62?
6
Calculate the remainder when 29455 is div